{"id":1519,"date":"2020-11-25T18:15:51","date_gmt":"2020-11-25T18:15:51","guid":{"rendered":"https:\/\/ecav.pt\/?page_id=1519"},"modified":"2022-01-10T13:20:53","modified_gmt":"2022-01-10T13:20:53","slug":"voucher-2","status":"publish","type":"page","link":"https:\/\/ecav.pt\/index.php\/voucher-2\/","title":{"rendered":"Voucher (NATAL)"},"content":{"rendered":"<div class=\"wpb-content-wrapper\"><p>[vc_row full_width=&#8221;stretch_row_content&#8221;][vc_column][vc_empty_space][vc_single_image image=&#8221;1525&#8243; img_size=&#8221;full&#8221; alignment=&#8221;center&#8221;][\/vc_column][\/vc_row][vc_row container=&#8221;1&#8243;][vc_column][vc_column_text]<\/p>\n<h3 style=\"text-align: center;\"><span style=\"color: #71b100;\"><strong>Oferece uma prenda sobre rodas<\/strong><\/span><\/h3>\n<h3 style=\"text-align: center;\"><span style=\"color: #71b100;\"><strong>na melhor escola de condu\u00e7\u00e3o<\/strong><\/span><\/h3>\n<p>[\/vc_column_text][vc_column_text]<\/p>\n<p align=\"center\">Come\u00e7am os preparativos para o Natal e todos os anos \u00e9 sempre o mesmo dilema: escolher presentes.<br \/>\nN\u00e3o te preocupes, n\u00f3s temos a prenda ideal para ofereceres!<\/p>\n<p align=\"center\">A ECAV est\u00e1 presente na etapa de muitos que querem abrir as asas e tornarem-se mais aut\u00f3nomos nas suas viagens. Queremos ajudar-te a trazer a magia do Natal para as m\u00e3os de quem te \u00e9 pr\u00f3ximo com o Voucher ECAV.<\/p>\n<p align=\"center\">Quer seja uma prenda para os filhos, irm\u00e3os, namorado, afilhado\u00a0ou amigos, temos\u00a0lugarpara todos e estamos\u00a0sempre de\u00a0porta aberta para receber novos alunos!<\/p>\n<p>[\/vc_column_text][vc_column_text]<\/p>\n<h4 style=\"text-align: justify;\"><strong>O que oferece o Voucher ECAV?<\/strong><\/h4>\n<ul>\n<li>Uma oportunidade para obter a carta de condu\u00e7\u00e3o;<\/li>\n<li>Uma forma\u00e7\u00e3o focada na responsabilidade e seguran\u00e7a na condu\u00e7\u00e3o;<\/li>\n<li>O valor do voucher \u00e9 personalizado por ti, desde 25\u20ac at\u00e9 ao valor total da carta de condu\u00e7\u00e3o da respetiva categoria;<\/li>\n<li>O Voucher poder\u00e1 ser enviado via e-mail ou ser recolhido nas nossas instala\u00e7\u00f5es, consoante a tua prefer\u00eancia;<\/li>\n<li>Dispon\u00edvel para as categorias de ligeiros, motociclos, pesados e forma\u00e7\u00e3o de ciclomotores;<\/li>\n<li>O m\u00e9todo de pagamento \u00e9 efetuado atrav\u00e9s de transfer\u00eancia banc\u00e1ria;<\/li>\n<li>Prazo de validade at\u00e9 1 ano;<\/li>\n<li>Sem qualquer taxa adicional sob o valor do Voucher;<\/li>\n<li>N\u00e3o acumul\u00e1vel com outras promo\u00e7\u00f5es.<\/li>\n<\/ul>\n<p>[\/vc_column_text][vc_column_text]<\/p>\n<h3 style=\"text-align: center;\"><span style=\"color: #71b100;\"><strong> Transforma um simples gesto de Natal<\/strong><\/span><\/h3>\n<h3 style=\"text-align: center;\"><span style=\"color: #71b100;\"><strong> numa prenda com volante e pedal!<\/strong><\/span><\/h3>\n<p>[\/vc_column_text]\n\n\n<!--Contact Section-->\n\n<section class=\"default-section faded-section contact-section\" style=\"background-image:url('');\">\n\n    <div class=\"auto-container small-container\">\n\n            <div class=\"sec-title\">\n\n                <h2>Formul\u00e1rio para Voucher ECAV<\/h2>\n\n                <div class=\"text\"><p>Preenche o formul\u00e1rio desta p\u00e1gina e brevemente ser\u00e1s contactado pela nossa secretaria comercial.<\/p><\/div>\n\n            <\/div>\n\n        <!--Contact Form-->\n\n        <div class=\"column contact-form\">\n\n        \t\n<div class=\"wpcf7 no-js\" id=\"wpcf7-f1520-o1\" lang=\"en-US\" dir=\"ltr\" data-wpcf7-id=\"1520\">\n<div class=\"screen-reader-response\"><p role=\"status\" aria-live=\"polite\" aria-atomic=\"true\"><\/p> <ul><\/ul><\/div>\n<form action=\"\/index.php\/wp-json\/wp\/v2\/pages\/1519#wpcf7-f1520-o1\" method=\"post\" class=\"wpcf7-form init\" aria-label=\"Contact form\" novalidate=\"novalidate\" data-status=\"init\">\n<fieldset class=\"hidden-fields-container\"><input type=\"hidden\" name=\"_wpcf7\" value=\"1520\" \/><input type=\"hidden\" name=\"_wpcf7_version\" value=\"6.1.4\" \/><input type=\"hidden\" name=\"_wpcf7_locale\" value=\"en_US\" \/><input type=\"hidden\" name=\"_wpcf7_unit_tag\" value=\"wpcf7-f1520-o1\" \/><input type=\"hidden\" name=\"_wpcf7_container_post\" value=\"0\" \/><input type=\"hidden\" name=\"_wpcf7_posted_data_hash\" value=\"\" \/>\n<\/fieldset>\n<div class=\"row clearfix\">\n\t<div class=\"col-md-4 col-sm-3 col-xs-12 form-group\">\n\t\t<p><span class=\"wpcf7-form-control-wrap\" data-name=\"text-355\"><input size=\"40\" maxlength=\"400\" class=\"wpcf7-form-control wpcf7-text wpcf7-validates-as-required\" aria-required=\"true\" aria-invalid=\"false\" placeholder=\"Nome\" value=\"\" type=\"text\" name=\"text-355\" \/><\/span>\n\t\t<\/p>\n\t<\/div>\n\t<div class=\"col-md-4 col-sm-3 col-xs-12 form-group\">\n\t\t<p><span class=\"wpcf7-form-control-wrap\" data-name=\"email-856\"><input size=\"40\" maxlength=\"400\" class=\"wpcf7-form-control wpcf7-email wpcf7-validates-as-required wpcf7-text wpcf7-validates-as-email\" aria-required=\"true\" aria-invalid=\"false\" placeholder=\"Email\" value=\"\" type=\"email\" name=\"email-856\" \/><\/span>\n\t\t<\/p>\n\t<\/div>\n\t<div class=\"col-md-4 col-sm-3 col-xs-12 form-group\">\n\t\t<p><span class=\"wpcf7-form-control-wrap\" data-name=\"text-856\"><input size=\"40\" maxlength=\"400\" class=\"wpcf7-form-control wpcf7-text wpcf7-validates-as-required\" aria-required=\"true\" aria-invalid=\"false\" placeholder=\"Telefone\" value=\"\" type=\"text\" name=\"text-856\" \/><\/span>\n\t\t<\/p>\n\t<\/div>\n\t<div class=\"col-md-6 col-sm-6 col-xs-12 form-group\">\n\t\t<font size=\"3\">\n\t\t\t<p><span style=\"color: #71b100;\">Categoria de Ve\u00edculos: <\/span>\n\t\t\t<\/p>\n\t\t<\/font>\n\t\t<p><span class=\"wpcf7-form-control-wrap\" data-name=\"select-202\"><select class=\"wpcf7-form-control wpcf7-select wpcf7-validates-as-required\" aria-required=\"true\" aria-invalid=\"false\" name=\"select-202\"><option value=\"Categoria A (Motociclos)\">Categoria A (Motociclos)<\/option><option value=\"Categoria B (Ligeiros)\">Categoria B (Ligeiros)<\/option><option value=\"Categoria C (Pesados)\">Categoria C (Pesados)<\/option><option value=\"Categoria AM (Ciclomotores)\">Categoria AM (Ciclomotores)<\/option><\/select><\/span>\n\t\t<\/p>\n\t<\/div>\n\t<div class=\"col-md-6 col-sm-6 col-xs-12 form-group\">\n\t\t<font size=\"3\">\n\t\t\t<p><span style=\"color: #71b100;\">Valor do Voucher:<\/span>\n\t\t\t<\/p>\n\t\t<\/font>\n\t\t<p><span class=\"wpcf7-form-control-wrap\" data-name=\"select-203\"><select class=\"wpcf7-form-control wpcf7-select wpcf7-validates-as-required\" aria-required=\"true\" aria-invalid=\"false\" name=\"select-203\"><option value=\"25\u20ac\">25\u20ac<\/option><option value=\"50\u20ac\">50\u20ac<\/option><option value=\"100\u20ac\">100\u20ac<\/option><option value=\"Valor total da carta de condu\u00e7\u00e3o\">Valor total da carta de condu\u00e7\u00e3o<\/option><option value=\"Outro valor\">Outro valor<\/option><\/select><\/span>\n\t\t<\/p>\n\t<\/div>\n\t<div class=\"col-md-6 col-sm-6 col-xs-12 form-group\">\n\t\t<font size=\"3\">\n\t\t\t<p><span style=\"color: #71b100;\">Se selecionou \"Outro Valor\": <\/span>\n\t\t\t<\/p>\n\t\t<\/font>\n\t\t<p><span class=\"wpcf7-form-control-wrap\" data-name=\"text-900\"><input size=\"40\" maxlength=\"400\" class=\"wpcf7-form-control wpcf7-text\" aria-invalid=\"false\" placeholder=\"Qual o valor que pretendes?\" value=\"\" type=\"text\" name=\"text-900\" \/><\/span>\n\t\t<\/p>\n\t<\/div>\n\t<div class=\"col-md-6 col-sm-6 col-xs-12 form-group\">\n\t\t<font size=\"3\">\n\t\t\t<p><span style=\"color: #71b100;\">Levantamento do Voucher:<\/span>\n\t\t\t<\/p>\n\t\t<\/font>\n\t\t<p><span class=\"wpcf7-form-control-wrap\" data-name=\"select-204\"><select class=\"wpcf7-form-control wpcf7-select wpcf7-validates-as-required\" aria-required=\"true\" aria-invalid=\"false\" name=\"select-204\"><option value=\"Quero receber o voucher via e-mail\">Quero receber o voucher via e-mail<\/option><option value=\"Quero levantar o voucher presencialmente\">Quero levantar o voucher presencialmente<\/option><\/select><\/span>\n\t\t<\/p>\n\t<\/div>\n\t<div class=\"col-md-12 col-sm-12 col-xs-12 form-group\">\n\t\t<p><span class=\"wpcf7-form-control-wrap\" data-name=\"textarea-483\"><textarea cols=\"40\" rows=\"10\" maxlength=\"2000\" class=\"wpcf7-form-control wpcf7-textarea\" aria-invalid=\"false\" placeholder=\"Mensagem\" name=\"textarea-483\"><\/textarea><\/span>\n\t\t<\/p>\n\t<\/div>\n\t<div class=\"col-md-12 col-sm-12 col-xs-12 form-group\">\n\t<\/div>\n\t<div class=\"col-md-12 col-sm-12 col-xs-12 form-group text-center\">\n\t\t<div class=\"cf7-cf-turnstile\" style=\"margin-top: 0px; margin-bottom: -15px;\"> <div id=\"cf-turnstile-cf7-461388473\" class=\"cf-turnstile\" data-sitekey=\"0x4AAAAAABlB9fb1_UFnYQOf\" data-theme=\"light\" data-language=\"auto\" data-size=\"normal\" data-retry=\"auto\" data-retry-interval=\"1000\" data-action=\"contact-form-7\" data-appearance=\"always\"><\/div> <script>document.addEventListener(\"DOMContentLoaded\", function() { setTimeout(function(){ var e=document.getElementById(\"cf-turnstile-cf7-461388473\"); e&&!e.innerHTML.trim()&&(turnstile.remove(\"#cf-turnstile-cf7-461388473\"), turnstile.render(\"#cf-turnstile-cf7-461388473\", {sitekey:\"0x4AAAAAABlB9fb1_UFnYQOf\"})); }, 0); });<\/script> <br class=\"cf-turnstile-br cf-turnstile-br-cf7-461388473\"> <style>#cf-turnstile-cf7-461388473 { margin-left: -15px; }<\/style> <script>document.addEventListener(\"DOMContentLoaded\",function(){document.querySelectorAll('.wpcf7-form').forEach(function(e){e.addEventListener('submit',function(){if(document.getElementById('cf-turnstile-cf7-461388473')){setTimeout(function(){turnstile.reset('#cf-turnstile-cf7-461388473');},1000)}})})});<\/script> <\/div><br\/><input class=\"wpcf7-form-control wpcf7-submit has-spinner\" type=\"submit\" value=\"Enviar\" \/>\n\t\t<\/p>\n\t<\/div>\n<\/div><div class=\"wpcf7-response-output\" aria-hidden=\"true\"><\/div>\n<\/form>\n<\/div>\n\n        <\/div>\n\n        \n\n\t\t<!--Separator-->\n\n            <div class=\"separator big-separator\"><\/div>\n\n           \n\n           <!--Footer Content-->\n\n            <div class=\"footer-content\">\n\n            \t\n\n                \n                    <!--Social Links-->\n\n                    <div class=\"social-links\">\n\n                        \n                            <a target=\"_blank\" title=\"Facebook\" href=\"https:\/\/www.facebook.com\/ecav1962\"><span class=\"fa fa-facebook\"><\/span><\/a>\n\n                        \n                            <a target=\"_blank\" title=\"Youtube\" href=\"https:\/\/www.youtube.com\/user\/ECAV1962?feature=watch\"><span class=\"fa fa-youtube\"><\/span><\/a>\n\n                        \n                            <a target=\"_blank\" title=\"Twitter\" href=\"https:\/\/twitter.com\/ECAV1962\"><span class=\"fa fa-twitter\"><\/span><\/a>\n\n                        \n                            <a target=\"_blank\" title=\"Instagram\" href=\"https:\/\/www.instagram.com\/ecav1962\/?hl=pt\"><span class=\"fa fa-instagram\"><\/span><\/a>\n\n                        \n                    <\/div>\n\n                \n\n\t\t\t\t\n\n\n                <div class=\"copyright\">&copy; 1999-2020, ECAV, All Rights Reserved | Powered by Art Web Design <\/div>\n\n            <\/div>\n\n    <\/div>\n\n<\/section>\n\n\n\n[\/vc_column][\/vc_row]<\/p>\n<\/div>","protected":false},"excerpt":{"rendered":"<p>[vc_row full_width=&#8221;stretch_row_content&#8221;][vc_column][vc_empty_space][vc_single_image image=&#8221;1525&#8243; img_size=&#8221;full&#8221; alignment=&#8221;center&#8221;][\/vc_column][\/vc_row][vc_row container=&#8221;1&#8243;][vc_column][vc_column_text] Oferece uma prenda sobre rodas na melhor escola de condu\u00e7\u00e3o [\/vc_column_text][vc_column_text] Come\u00e7am os preparativos para o Natal e todos os anos \u00e9 sempre o mesmo dilema: escolher presentes. N\u00e3o te preocupes, n\u00f3s temos a prenda ideal para ofereceres! A ECAV est\u00e1 presente na etapa de muitos que querem abrir<\/p>\n","protected":false},"author":1,"featured_media":0,"parent":0,"menu_order":0,"comment_status":"open","ping_status":"closed","template":"tpl-visual_composer.php","meta":{"footnotes":""},"class_list":["post-1519","page","type-page","status-publish","hentry"],"aioseo_notices":[],"_links":{"self":[{"href":"https:\/\/ecav.pt\/index.php\/wp-json\/wp\/v2\/pages\/1519","targetHints":{"allow":["GET"]}}],"collection":[{"href":"https:\/\/ecav.pt\/index.php\/wp-json\/wp\/v2\/pages"}],"about":[{"href":"https:\/\/ecav.pt\/index.php\/wp-json\/wp\/v2\/types\/page"}],"author":[{"embeddable":true,"href":"https:\/\/ecav.pt\/index.php\/wp-json\/wp\/v2\/users\/1"}],"replies":[{"embeddable":true,"href":"https:\/\/ecav.pt\/index.php\/wp-json\/wp\/v2\/comments?post=1519"}],"version-history":[{"count":0,"href":"https:\/\/ecav.pt\/index.php\/wp-json\/wp\/v2\/pages\/1519\/revisions"}],"wp:attachment":[{"href":"https:\/\/ecav.pt\/index.php\/wp-json\/wp\/v2\/media?parent=1519"}],"curies":[{"name":"wp","href":"https:\/\/api.w.org\/{rel}","templated":true}]}}