{"id":1681,"date":"2022-02-04T11:44:16","date_gmt":"2022-02-04T11:44:16","guid":{"rendered":"https:\/\/ecav.pt\/?page_id=1681"},"modified":"2022-02-04T19:36:49","modified_gmt":"2022-02-04T19:36:49","slug":"60-anos","status":"publish","type":"page","link":"https:\/\/ecav.pt\/index.php\/60-anos\/","title":{"rendered":"60 Anos"},"content":{"rendered":"<div class=\"wpb-content-wrapper\"><p>[vc_row container=&#8221;1&#8243;][vc_column width=&#8221;3\/4&#8243; css=&#8221;.vc_custom_1478201336408{margin-top: 50px !important;padding-right: 30px !important;}&#8221;][vc_column_text]<\/p>\n<h4 style=\"text-align: justify;\"><span style=\"color: #71b100;\"><strong>ECAV &#8211; Escola de Condu\u00e7\u00e3o Armando V\u00edtor<br \/>\n60 anos<\/strong><\/span><\/h4>\n<p>&nbsp;<\/p>\n<p>[\/vc_column_text][vc_column_text]<\/p>\n<h4 style=\"text-align: justify;\"><strong>Hist\u00f3ria<\/strong><\/h4>\n<p style=\"text-align: justify;\">1962 foi um ano marcante. Em Lisboa, iniciava-se a constru\u00e7\u00e3o da Ponte 25 de Abril. O Sporting tornava-se campe\u00e3o nacional de futebol e o Brasil campe\u00e3o mundial. De fora, chegava-nos a m\u00fasica de Elvis Presley, Bob Dylan e The Beatles e Hollywood chorava a morte de Marilyn Monroe. Por c\u00e1, a televis\u00e3o era a preto e branco e as escolas de condu\u00e7\u00e3o eram obrigadas a ter materiais em sala de aula como sinais de tr\u00e2nsito em tamanho real, sem\u00e1foros e um chassis completo. Foi tamb\u00e9m nesse ano que nasceu a primeira escola de condu\u00e7\u00e3o em Oeiras, a Escola de Condu\u00e7\u00e3o Armando V\u00edtor.<\/p>\n<p>[\/vc_column_text][vc_empty_space][vc_row_inner][vc_column_inner][vc_column_text]<\/p>\n<h4 style=\"text-align: justify;\"><strong>O fundador Armando V\u00edtor<\/strong><\/h4>\n<p style=\"text-align: justify;\">Armando V\u00edtor nasceu no Norte do pa\u00eds, em Mid\u00f5es. Chegou a abrir uma escola de condu\u00e7\u00e3o, com um irm\u00e3o, na cidade de Oliveira do Hospital, mas por volta dos vinte e poucos anos, decidiu arriscar e vir viver para Lisboa, com o objetivo de continuar a trabalhar na mesma \u00e1rea. Ao conhecer Oeiras, encantou-se pela zona e, de forma vision\u00e1ria, agarrou a oportunidade de realizar aqui um sonho antigo, o de abrir um neg\u00f3cio pr\u00f3prio. E assim foi. A 5 de Fevereiro de 1962, abria portas a Escola de Condu\u00e7\u00e3o Armando V\u00edtor.<\/p>\n<p>[\/vc_column_text][vc_single_image image=&#8221;1707&#8243; img_size=&#8221;full&#8221; onclick=&#8221;link_image&#8221;][\/vc_column_inner][\/vc_row_inner][vc_empty_space][vc_row_inner][vc_column_inner][vc_column_text]<\/p>\n<h4 style=\"text-align: justify;\"><strong>Oeiras em 1962<\/strong><\/h4>\n<p style=\"text-align: justify;\">No in\u00edcio dos anos 60, a zona de Oeiras era bastante diferente do que \u00e9 hoje, muito rural, com v\u00e1rias quintas espalhadas por quil\u00f3metros e muito terreno descampado. Hoje, a \u00e1rea onde se encontra a escola \u00e9 muito central, mas na altura ficava mais afastada do centro da vila, da\u00ed ter ficado conhecida como o bairro de Nova Oeiras, que se desenvolveu em torno da Alameda Conde de Oeiras. Foi aqui que a ECAV teve a sua primeira morada, mais precisamente na Torre D da Alameda. Ao perceber o potencial da localiza\u00e7\u00e3o, Armando V\u00edtor decidiu mudar a atividade da escola para um espa\u00e7o maior, onde est\u00e1 at\u00e9 hoje.<\/p>\n<p>[\/vc_column_text][vc_single_image image=&#8221;1685&#8243; img_size=&#8221;full&#8221; onclick=&#8221;link_image&#8221;][vc_empty_space][\/vc_column_inner][\/vc_row_inner][vc_row_inner][vc_column_inner][vc_column_text]<\/p>\n<p style=\"text-align: justify;\">De Fevereiro a Dezembro de 1962, regist\u00e1mos 86 alunos. Numa fase inicial, n\u00e3o existia um grande volume de inscri\u00e7\u00f5es, mas a ECAV acabou por ir crescendo, porque durante v\u00e1rios anos n\u00e3o havia outras escolas de condu\u00e7\u00e3o por perto. O nosso raio de a\u00e7\u00e3o ia buscar pessoas das v\u00e1rias zonas do Concelho de Oeiras e dos concelhos circundantes.<\/p>\n<p>[\/vc_column_text][vc_column_text]<\/p>\n<p style=\"text-align: justify;\">Na <strong>d\u00e9cada de 70<\/strong>, o Exame Te\u00f3rico passa a ser escrito. Na prova te\u00f3rica s\u00e3o feitas 15 quest\u00f5es sobre regras e 10 quest\u00f5es sobre sinais. Na prova t\u00e9cnica, para condutores profissionais, s\u00e3o feitas 15 quest\u00f5es sobre mec\u00e2nica. At\u00e9 ent\u00e3o, estavam definidas as regras impostas em 1954, em que o Exame consistia de uma prova oral te\u00f3rica sobre as regras e sinais de tr\u00e2nsito, e uma prova t\u00e9cnica para condutores profissionais.<\/p>\n<p style=\"text-align: justify;\">Na <strong>d\u00e9cada de 80 <\/strong>s\u00e3o atribu\u00eddas letras \u00e0s categorias de ensino: A (Motociclos), B (Ligeiros), C (Pesados de Mercadorias), D (Pesados de Passageiros), E (Reboques e Semi-Reboques), F (Tratores Agr\u00edcolas). \u00c9, nesta \u00e9poca, que se extingue a designa\u00e7\u00e3o de \u201cservi\u00e7o p\u00fablico\u201d para dar lugar a \u201cpesado de passageiros\u201d.<\/p>\n<p style=\"text-align: justify;\">Em <strong>1975<\/strong> \u00e9 constitu\u00edda a ANIECA \u2013 Associa\u00e7\u00e3o Nacional dos Industriais do Ensino de Condu\u00e7\u00e3o Autom\u00f3vel.<\/p>\n<p>[\/vc_column_text][vc_empty_space][\/vc_column_inner][\/vc_row_inner][vc_row_inner][vc_column_inner][vc_column_text]<\/p>\n<h4 style=\"text-align: justify;\"><strong>Os autom\u00f3veis de instru\u00e7\u00e3o<\/strong><\/h4>\n<p style=\"text-align: justify;\">No in\u00edcio, a ECAV come\u00e7ou a ministrar aulas pr\u00e1ticas de condu\u00e7\u00e3o em Carochas. Seguiram-se os carros a gas\u00f3leo, como o Peugeot 404. Depois, vieram os Fiat Uno e a seguir a fase dos Opel Corsa. De h\u00e1 uns anos a esta parte, trabalhamos com Fiat Punto.<\/p>\n<p>[\/vc_column_text][vc_column_text]<\/p>\n<p style=\"text-align: justify;\">Em 1980, atrav\u00e9s do Despacho Normativo n\u00ba 274\/80 de 20 de Agosto, abre-se a possibilidade da utiliza\u00e7\u00e3o de ve\u00edculos de instru\u00e7\u00e3o adquiridos com redu\u00e7\u00e3o de imposto. Estes ve\u00edculos s\u00f3 poderiam ser utilizados no servi\u00e7o de instru\u00e7\u00e3o e a para a realiza\u00e7\u00e3o de exames e estavam identificados pelas cores: base branca com tejadilho castanho.<\/p>\n<p>[\/vc_column_text][vc_empty_space][\/vc_column_inner][\/vc_row_inner][vc_row_inner][vc_column_inner][vc_column_text]<\/p>\n<h4 style=\"text-align: justify;\"><strong>A ECAV acompanhou a evolu\u00e7\u00e3o das Escolas de Condu\u00e7\u00e3o <\/strong><\/h4>\n<p style=\"text-align: justify;\">Em <strong>1982<\/strong>, atrav\u00e9s do Decreto-Lei 6\/82 de 12 de Janeiro, passa a ser facultativo o uso de duplo volante, e \u00e9 abolida a placa \u201cINSTRU\u00c7\u00c3O\u201d, utilizada \u00e0 frente e \u00e0 retaguarda do ve\u00edculo, desde que tinha sido imposta em 1954, e passa a ser usada a chapa com a letra \u201cL\u201d.<\/p>\n<p style=\"text-align: justify;\">Em <strong>1983<\/strong> s\u00e3o introduzidos os quadros magn\u00e9ticos nas aulas te\u00f3ricas, tal como existe na sala de aulas da ECAV, em substitui\u00e7\u00e3o das mesas de tr\u00e2nsito. \u00c9 neste ano tamb\u00e9m que se prev\u00ea a utiliza\u00e7\u00e3o de simuladores nas escolas de condu\u00e7\u00e3o. Com uma constante aposta em inova\u00e7\u00e3o a n\u00edvel de ensino, a ECAV adquire um em 2001.<\/p>\n<p style=\"text-align: justify;\">Em <strong>1993<\/strong> \u00e9 definido o n\u00famero m\u00ednimo e o m\u00e1ximo de li\u00e7\u00f5es te\u00f3ricas. Para ligeiros, 25 e 35 respetivamente. O n\u00famero de li\u00e7\u00f5es pr\u00e1ticas foi estabelecido, nesta data, em 25. Hoje, o n\u00famero de li\u00e7\u00f5es de te\u00f3ricas \u00e9 28, e pr\u00e1ticas \u00e9 32.<\/p>\n<p style=\"text-align: justify;\">Em <strong>1995<\/strong> o Exame Te\u00f3rico passa a ser gerado por computador, de forma aleat\u00f3ria, com 25 quest\u00f5es sobre regras e sinais de tr\u00e2nsito e 5 quest\u00f5es eliminat\u00f3rias. A prova t\u00e9cnica conta com 15 quest\u00f5es sobre mec\u00e2nica.<\/p>\n<p>[\/vc_column_text][vc_empty_space][\/vc_column_inner][\/vc_row_inner][vc_row_inner][vc_column_inner][vc_column_text]<\/p>\n<h4 style=\"text-align: justify;\"><strong>60 anos, em movimento<\/strong><\/h4>\n<p style=\"text-align: justify;\">Uma empresa conseguir chegar aos 60 anos de portas abertas e em pleno funcionamento \u00e9 um marco important\u00edssimo. Para mantermos um neg\u00f3cio a funcionar, em pleno, durante seis d\u00e9cadas, \u00e9 preciso muita dedica\u00e7\u00e3o, resili\u00eancia e capacidade de passar por cima de dificuldades e per\u00edodos menos bons como.<\/p>\n<p style=\"text-align: justify;\">Esta \u00e9 uma casa com hist\u00f3ria. S\u00e3o muitas d\u00e9cadas a conquistar novos clientes e d\u00e1-nos um orgulho imenso saber que acompanh\u00e1mos v\u00e1rias gera\u00e7\u00f5es de alunos. H\u00e1 fam\u00edlias inteiras que tiraram a carta de condu\u00e7\u00e3o na ECAV, desde os av\u00f3s aos netos. \u00c9 quase uma heran\u00e7a familiar. At\u00e9 porque a pr\u00f3pria ECAV \u00e9 uma empresa familiar, neste momento na segunda gera\u00e7\u00e3o. Somos filhos de Oeiras, sempre estivemos no mesmo s\u00edtio, e \u00e9 de forma emotiva que reconhecemos a import\u00e2ncia que tivemos e temos na comunidade ao longo dos anos.<\/p>\n<p style=\"text-align: justify;\">S\u00e3o 60 anos de experi\u00eancia e know-how, aliados a uma constante inova\u00e7\u00e3o e, por isso, temos os olhos postos no futuro para continuar a proporcionar um ensino de qualidade, que forme condutores respons\u00e1veis, conscientes e seguros.<\/p>\n<p style=\"text-align: justify;\">Com a tradi\u00e7\u00e3o e sabedoria destas seis d\u00e9cadas, estamos mais fortes que nunca, e com muita vontade de fazer acontecer tudo o que est\u00e1 por vir, seguindo o mote que nos acompanhar\u00e1 em 2022: 60 anos, em movimento.<\/p>\n<p>[\/vc_column_text][vc_empty_space height=&#8221;15px&#8221;][vc_single_image image=&#8221;1688&#8243; img_size=&#8221;full&#8221; alignment=&#8221;center&#8221;][vc_empty_space][vc_column_text]<strong><em>Fonte de informa\u00e7\u00e3o sobre a evolu\u00e7\u00e3o das escolas de condu\u00e7\u00e3o em Portugal: ANIECA.<\/em><\/strong>[\/vc_column_text][\/vc_column_inner][\/vc_row_inner][\/vc_column][vc_column width=&#8221;1\/4&#8243; css=&#8221;.vc_custom_1477931508847{margin-top: 50px !important;}&#8221;][vc_widget_sidebar sidebar_id=&#8221;blog-sidebar&#8221; el_class=&#8221;sidebar&#8221;][\/vc_column][\/vc_row]<\/p>\n<\/div>","protected":false},"excerpt":{"rendered":"<p>[vc_row container=&#8221;1&#8243;][vc_column width=&#8221;3\/4&#8243; css=&#8221;.vc_custom_1478201336408{margin-top: 50px !important;padding-right: 30px !important;}&#8221;][vc_column_text] ECAV &#8211; Escola de Condu\u00e7\u00e3o Armando V\u00edtor 60 anos &nbsp; [\/vc_column_text][vc_column_text] Hist\u00f3ria 1962 foi um ano marcante. Em Lisboa, iniciava-se a constru\u00e7\u00e3o da Ponte 25 de Abril. O Sporting tornava-se campe\u00e3o nacional de futebol e o Brasil campe\u00e3o mundial. De fora, chegava-nos a m\u00fasica de Elvis Presley,<\/p>\n","protected":false},"author":1,"featured_media":0,"parent":0,"menu_order":0,"comment_status":"open","ping_status":"closed","template":"tpl-visual_composer.php","meta":{"footnotes":""},"class_list":["post-1681","page","type-page","status-publish","hentry"],"aioseo_notices":[],"_links":{"self":[{"href":"https:\/\/ecav.pt\/index.php\/wp-json\/wp\/v2\/pages\/1681","targetHints":{"allow":["GET"]}}],"collection":[{"href":"https:\/\/ecav.pt\/index.php\/wp-json\/wp\/v2\/pages"}],"about":[{"href":"https:\/\/ecav.pt\/index.php\/wp-json\/wp\/v2\/types\/page"}],"author":[{"embeddable":true,"href":"https:\/\/ecav.pt\/index.php\/wp-json\/wp\/v2\/users\/1"}],"replies":[{"embeddable":true,"href":"https:\/\/ecav.pt\/index.php\/wp-json\/wp\/v2\/comments?post=1681"}],"version-history":[{"count":0,"href":"https:\/\/ecav.pt\/index.php\/wp-json\/wp\/v2\/pages\/1681\/revisions"}],"wp:attachment":[{"href":"https:\/\/ecav.pt\/index.php\/wp-json\/wp\/v2\/media?parent=1681"}],"curies":[{"name":"wp","href":"https:\/\/api.w.org\/{rel}","templated":true}]}}

<div class="wpb-content-wrapper"><p>[vc_row container=&#8221;1&#8243;][vc_column width=&#8221;3/4&#8243; css=&#8221;.vc_custom_1478201336408{margin-top: 50px !important;padding-right: 30px !important;}&#8221;][vc_column_text]</p>
<h4 style="text-align: justify;"><span style="color: #71b100;"><strong>ECAV &#8211; Escola de Condução Armando Vítor<br />
60 anos</strong></span></h4>
<p>&nbsp;</p>
<p>[/vc_column_text][vc_column_text]</p>
<h4 style="text-align: justify;"><strong>História</strong></h4>
<p style="text-align: justify;">1962 foi um ano marcante. Em Lisboa, iniciava-se a construção da Ponte 25 de Abril. O Sporting tornava-se campeão nacional de futebol e o Brasil campeão mundial. De fora, chegava-nos a música de Elvis Presley, Bob Dylan e The Beatles e Hollywood chorava a morte de Marilyn Monroe. Por cá, a televisão era a preto e branco e as escolas de condução eram obrigadas a ter materiais em sala de aula como sinais de trânsito em tamanho real, semáforos e um chassis completo. Foi também nesse ano que nasceu a primeira escola de condução em Oeiras, a Escola de Condução Armando Vítor.</p>
<p>[/vc_column_text][vc_empty_space][vc_row_inner][vc_column_inner][vc_column_text]</p>
<h4 style="text-align: justify;"><strong>O fundador Armando Vítor</strong></h4>
<p style="text-align: justify;">Armando Vítor nasceu no Norte do país, em Midões. Chegou a abrir uma escola de condução, com um irmão, na cidade de Oliveira do Hospital, mas por volta dos vinte e poucos anos, decidiu arriscar e vir viver para Lisboa, com o objetivo de continuar a trabalhar na mesma área. Ao conhecer Oeiras, encantou-se pela zona e, de forma visionária, agarrou a oportunidade de realizar aqui um sonho antigo, o de abrir um negócio próprio. E assim foi. A 5 de Fevereiro de 1962, abria portas a Escola de Condução Armando Vítor.</p>
<p>[/vc_column_text][vc_single_image image=&#8221;1707&#8243; img_size=&#8221;full&#8221; onclick=&#8221;link_image&#8221;][/vc_column_inner][/vc_row_inner][vc_empty_space][vc_row_inner][vc_column_inner][vc_column_text]</p>
<h4 style="text-align: justify;"><strong>Oeiras em 1962</strong></h4>
<p style="text-align: justify;">No início dos anos 60, a zona de Oeiras era bastante diferente do que é hoje, muito rural, com várias quintas espalhadas por quilómetros e muito terreno descampado. Hoje, a área onde se encontra a escola é muito central, mas na altura ficava mais afastada do centro da vila, daí ter ficado conhecida como o bairro de Nova Oeiras, que se desenvolveu em torno da Alameda Conde de Oeiras. Foi aqui que a ECAV teve a sua primeira morada, mais precisamente na Torre D da Alameda. Ao perceber o potencial da localização, Armando Vítor decidiu mudar a atividade da escola para um espaço maior, onde está até hoje.</p>
<p>[/vc_column_text][vc_single_image image=&#8221;1685&#8243; img_size=&#8221;full&#8221; onclick=&#8221;link_image&#8221;][vc_empty_space][/vc_column_inner][/vc_row_inner][vc_row_inner][vc_column_inner][vc_column_text]</p>
<p style="text-align: justify;">De Fevereiro a Dezembro de 1962, registámos 86 alunos. Numa fase inicial, não existia um grande volume de inscrições, mas a ECAV acabou por ir crescendo, porque durante vários anos não havia outras escolas de condução por perto. O nosso raio de ação ia buscar pessoas das várias zonas do Concelho de Oeiras e dos concelhos circundantes.</p>
<p>[/vc_column_text][vc_column_text]</p>
<p style="text-align: justify;">Na <strong>década de 70</strong>, o Exame Teórico passa a ser escrito. Na prova teórica são feitas 15 questões sobre regras e 10 questões sobre sinais. Na prova técnica, para condutores profissionais, são feitas 15 questões sobre mecânica. Até então, estavam definidas as regras impostas em 1954, em que o Exame consistia de uma prova oral teórica sobre as regras e sinais de trânsito, e uma prova técnica para condutores profissionais.</p>
<p style="text-align: justify;">Na <strong>década de 80 </strong>são atribuídas letras às categorias de ensino: A (Motociclos), B (Ligeiros), C (Pesados de Mercadorias), D (Pesados de Passageiros), E (Reboques e Semi-Reboques), F (Tratores Agrícolas). É, nesta época, que se extingue a designação de “serviço público” para dar lugar a “pesado de passageiros”.</p>
<p style="text-align: justify;">Em <strong>1975</strong> é constituída a ANIECA – Associação Nacional dos Industriais do Ensino de Condução Automóvel.</p>
<p>[/vc_column_text][vc_empty_space][/vc_column_inner][/vc_row_inner][vc_row_inner][vc_column_inner][vc_column_text]</p>
<h4 style="text-align: justify;"><strong>Os automóveis de instrução</strong></h4>
<p style="text-align: justify;">No início, a ECAV começou a ministrar aulas práticas de condução em Carochas. Seguiram-se os carros a gasóleo, como o Peugeot 404. Depois, vieram os Fiat Uno e a seguir a fase dos Opel Corsa. De há uns anos a esta parte, trabalhamos com Fiat Punto.</p>
<p>[/vc_column_text][vc_column_text]</p>
<p style="text-align: justify;">Em 1980, através do Despacho Normativo nº 274/80 de 20 de Agosto, abre-se a possibilidade da utilização de veículos de instrução adquiridos com redução de imposto. Estes veículos só poderiam ser utilizados no serviço de instrução e a para a realização de exames e estavam identificados pelas cores: base branca com tejadilho castanho.</p>
<p>[/vc_column_text][vc_empty_space][/vc_column_inner][/vc_row_inner][vc_row_inner][vc_column_inner][vc_column_text]</p>
<h4 style="text-align: justify;"><strong>A ECAV acompanhou a evolução das Escolas de Condução </strong></h4>
<p style="text-align: justify;">Em <strong>1982</strong>, através do Decreto-Lei 6/82 de 12 de Janeiro, passa a ser facultativo o uso de duplo volante, e é abolida a placa “INSTRUÇÃO”, utilizada à frente e à retaguarda do veículo, desde que tinha sido imposta em 1954, e passa a ser usada a chapa com a letra “L”.</p>
<p style="text-align: justify;">Em <strong>1983</strong> são introduzidos os quadros magnéticos nas aulas teóricas, tal como existe na sala de aulas da ECAV, em substituição das mesas de trânsito. É neste ano também que se prevê a utilização de simuladores nas escolas de condução. Com uma constante aposta em inovação a nível de ensino, a ECAV adquire um em 2001.</p>
<p style="text-align: justify;">Em <strong>1993</strong> é definido o número mínimo e o máximo de lições teóricas. Para ligeiros, 25 e 35 respetivamente. O número de lições práticas foi estabelecido, nesta data, em 25. Hoje, o número de lições de teóricas é 28, e práticas é 32.</p>
<p style="text-align: justify;">Em <strong>1995</strong> o Exame Teórico passa a ser gerado por computador, de forma aleatória, com 25 questões sobre regras e sinais de trânsito e 5 questões eliminatórias. A prova técnica conta com 15 questões sobre mecânica.</p>
<p>[/vc_column_text][vc_empty_space][/vc_column_inner][/vc_row_inner][vc_row_inner][vc_column_inner][vc_column_text]</p>
<h4 style="text-align: justify;"><strong>60 anos, em movimento</strong></h4>
<p style="text-align: justify;">Uma empresa conseguir chegar aos 60 anos de portas abertas e em pleno funcionamento é um marco importantíssimo. Para mantermos um negócio a funcionar, em pleno, durante seis décadas, é preciso muita dedicação, resiliência e capacidade de passar por cima de dificuldades e períodos menos bons como.</p>
<p style="text-align: justify;">Esta é uma casa com história. São muitas décadas a conquistar novos clientes e dá-nos um orgulho imenso saber que acompanhámos várias gerações de alunos. Há famílias inteiras que tiraram a carta de condução na ECAV, desde os avós aos netos. É quase uma herança familiar. Até porque a própria ECAV é uma empresa familiar, neste momento na segunda geração. Somos filhos de Oeiras, sempre estivemos no mesmo sítio, e é de forma emotiva que reconhecemos a importância que tivemos e temos na comunidade ao longo dos anos.</p>
<p style="text-align: justify;">São 60 anos de experiência e know-how, aliados a uma constante inovação e, por isso, temos os olhos postos no futuro para continuar a proporcionar um ensino de qualidade, que forme condutores responsáveis, conscientes e seguros.</p>
<p style="text-align: justify;">Com a tradição e sabedoria destas seis décadas, estamos mais fortes que nunca, e com muita vontade de fazer acontecer tudo o que está por vir, seguindo o mote que nos acompanhará em 2022: 60 anos, em movimento.</p>
<p>[/vc_column_text][vc_empty_space height=&#8221;15px&#8221;][vc_single_image image=&#8221;1688&#8243; img_size=&#8221;full&#8221; alignment=&#8221;center&#8221;][vc_empty_space][vc_column_text]<strong><em>Fonte de informação sobre a evolução das escolas de condução em Portugal: ANIECA.</em></strong>[/vc_column_text][/vc_column_inner][/vc_row_inner][/vc_column][vc_column width=&#8221;1/4&#8243; css=&#8221;.vc_custom_1477931508847{margin-top: 50px !important;}&#8221;][vc_widget_sidebar sidebar_id=&#8221;blog-sidebar&#8221; el_class=&#8221;sidebar&#8221;][/vc_column][/vc_row]</p>
</div>

<p>[vc_row container=&#8221;1&#8243;][vc_column width=&#8221;3/4&#8243; css=&#8221;.vc_custom_1478201336408{margin-top: 50px !important;padding-right: 30px !important;}&#8221;][vc_column_text] ECAV &#8211; Escola de Condução Armando Vítor 60 anos &nbsp; [/vc_column_text][vc_column_text] História 1962 foi um ano marcante. Em Lisboa, iniciava-se a construção da Ponte 25 de Abril. O Sporting tornava-se campeão nacional de futebol e o Brasil campeão mundial. De fora, chegava-nos a música de Elvis Presley,</p>
