{"id":695,"date":"2016-11-04T19:35:13","date_gmt":"2016-11-04T19:35:13","guid":{"rendered":"http:\/\/ecav.pt\/home\/?page_id=695"},"modified":"2019-06-19T12:54:41","modified_gmt":"2019-06-19T12:54:41","slug":"inscricao","status":"publish","type":"page","link":"https:\/\/ecav.pt\/index.php\/inscricao\/","title":{"rendered":"Inscri\u00e7\u00e3o"},"content":{"rendered":"<div class=\"wpb-content-wrapper\"><p>[vc_row][vc_column]\n\n\n<!--Contact Section-->\n\n<section class=\"default-section faded-section contact-section\" style=\"background-image:url('');\">\n\n    <div class=\"auto-container small-container\">\n\n            <div class=\"sec-title\">\n\n                <h2>Formul\u00e1rio de Inscri\u00e7\u00e3o<\/h2>\n\n                <div class=\"text\"><p>Preenche o formul\u00e1rio desta p\u00e1gina e brevemente ser\u00e1s contactado pela nossa secretaria comercial.<\/p><\/div>\n\n            <\/div>\n\n        <!--Contact Form-->\n\n        <div class=\"column contact-form\">\n\n        \t\n<div class=\"wpcf7 no-js\" id=\"wpcf7-f689-o1\" lang=\"en-US\" dir=\"ltr\" data-wpcf7-id=\"689\">\n<div class=\"screen-reader-response\"><p role=\"status\" aria-live=\"polite\" aria-atomic=\"true\"><\/p> <ul><\/ul><\/div>\n<form action=\"\/index.php\/wp-json\/wp\/v2\/pages\/695#wpcf7-f689-o1\" method=\"post\" class=\"wpcf7-form init\" aria-label=\"Contact form\" novalidate=\"novalidate\" data-status=\"init\">\n<fieldset class=\"hidden-fields-container\"><input type=\"hidden\" name=\"_wpcf7\" value=\"689\" \/><input type=\"hidden\" name=\"_wpcf7_version\" value=\"6.1.4\" \/><input type=\"hidden\" name=\"_wpcf7_locale\" value=\"en_US\" \/><input type=\"hidden\" name=\"_wpcf7_unit_tag\" value=\"wpcf7-f689-o1\" \/><input type=\"hidden\" name=\"_wpcf7_container_post\" value=\"0\" \/><input type=\"hidden\" name=\"_wpcf7_posted_data_hash\" value=\"\" \/>\n<\/fieldset>\n<div class=\"row clearfix\">\n\t<div class=\"col-md-6 col-sm-6 col-xs-12 form-group\">\n\t\t<p><span class=\"wpcf7-form-control-wrap\" data-name=\"text-355\"><input size=\"40\" maxlength=\"400\" class=\"wpcf7-form-control wpcf7-text wpcf7-validates-as-required\" aria-required=\"true\" aria-invalid=\"false\" placeholder=\"Nome\" value=\"\" type=\"text\" name=\"text-355\" \/><\/span>\n\t\t<\/p>\n\t<\/div>\n\t<div class=\"col-md-6 col-sm-6 col-xs-12 form-group\">\n\t\t<p><span class=\"wpcf7-form-control-wrap\" data-name=\"email-856\"><input size=\"40\" maxlength=\"400\" class=\"wpcf7-form-control wpcf7-email wpcf7-validates-as-required wpcf7-text wpcf7-validates-as-email\" aria-required=\"true\" aria-invalid=\"false\" placeholder=\"Email\" value=\"\" type=\"email\" name=\"email-856\" \/><\/span>\n\t\t<\/p>\n\t<\/div>\n\t<div class=\"col-md-6 col-sm-6 col-xs-12 form-group\">\n\t\t<font size=\"3\">\n\t\t\t<p><span style=\"color: #71b100;\">Inscri\u00e7\u00e3o:<\/span>\n\t\t\t<\/p>\n\t\t<\/font>\n\t\t<p><span class=\"wpcf7-form-control-wrap\" data-name=\"select-202\"><select class=\"wpcf7-form-control wpcf7-select wpcf7-validates-as-required\" aria-required=\"true\" aria-invalid=\"false\" name=\"select-202\"><option value=\"Forma\u00e7\u00e3o Motociclos\">Forma\u00e7\u00e3o Motociclos<\/option><option value=\"Forma\u00e7\u00e3o Ligeiros\">Forma\u00e7\u00e3o Ligeiros<\/option><option value=\"Forma\u00e7\u00e3o Pesados\">Forma\u00e7\u00e3o Pesados<\/option><option value=\"Forma\u00e7\u00e3o Ciclomotores\">Forma\u00e7\u00e3o Ciclomotores<\/option><option value=\"Forma\u00e7\u00e3o Rodovi\u00e1ria\">Forma\u00e7\u00e3o Rodovi\u00e1ria<\/option><\/select><\/span>\n\t\t<\/p>\n\t<\/div>\n\t<div class=\"col-md-6 col-sm-6 col-xs-12 form-group\">\n\t\t<font size=\"3\">\n\t\t\t<p><span style=\"color: #ffffff;\">.<\/span>\n\t\t\t<\/p>\n\t\t<\/font>\n\t\t<p><span class=\"wpcf7-form-control-wrap\" data-name=\"text-856\"><input size=\"40\" maxlength=\"400\" class=\"wpcf7-form-control wpcf7-text wpcf7-validates-as-required\" aria-required=\"true\" aria-invalid=\"false\" placeholder=\"Telefone\" value=\"\" type=\"text\" name=\"text-856\" \/><\/span>\n\t\t<\/p>\n\t<\/div>\n\t<div class=\"col-md-12 col-sm-12 col-xs-12 form-group\">\n\t\t<p><span class=\"wpcf7-form-control-wrap\" data-name=\"textarea-483\"><textarea cols=\"40\" rows=\"10\" maxlength=\"2000\" class=\"wpcf7-form-control wpcf7-textarea\" aria-invalid=\"false\" placeholder=\"Mensagem\" name=\"textarea-483\"><\/textarea><\/span>\n\t\t<\/p>\n\t<\/div>\n\t<div class=\"col-md-12 col-sm-12 col-xs-12 form-group\">\n\t<\/div>\n\t<div class=\"col-md-12 col-sm-12 col-xs-12 form-group text-center\">\n\t\t<div class=\"cf7-cf-turnstile\" style=\"margin-top: 0px; margin-bottom: -15px;\"> <div id=\"cf-turnstile-cf7-1748324686\" class=\"cf-turnstile\" data-sitekey=\"0x4AAAAAABlB9fb1_UFnYQOf\" data-theme=\"light\" data-language=\"auto\" data-size=\"normal\" data-retry=\"auto\" data-retry-interval=\"1000\" data-action=\"contact-form-7\" data-appearance=\"always\"><\/div> <script>document.addEventListener(\"DOMContentLoaded\", function() { setTimeout(function(){ var e=document.getElementById(\"cf-turnstile-cf7-1748324686\"); e&&!e.innerHTML.trim()&&(turnstile.remove(\"#cf-turnstile-cf7-1748324686\"), turnstile.render(\"#cf-turnstile-cf7-1748324686\", {sitekey:\"0x4AAAAAABlB9fb1_UFnYQOf\"})); }, 0); });<\/script> <br class=\"cf-turnstile-br cf-turnstile-br-cf7-1748324686\"> <style>#cf-turnstile-cf7-1748324686 { margin-left: -15px; }<\/style> <script>document.addEventListener(\"DOMContentLoaded\",function(){document.querySelectorAll('.wpcf7-form').forEach(function(e){e.addEventListener('submit',function(){if(document.getElementById('cf-turnstile-cf7-1748324686')){setTimeout(function(){turnstile.reset('#cf-turnstile-cf7-1748324686');},1000)}})})});<\/script> <\/div><br\/><input class=\"wpcf7-form-control wpcf7-submit has-spinner\" type=\"submit\" value=\"Enviar\" \/>\n\t\t<\/p>\n\t<\/div>\n<\/div><div class=\"wpcf7-response-output\" aria-hidden=\"true\"><\/div>\n<\/form>\n<\/div>\n\n        <\/div>\n\n        \n\n\t\t<!--Separator-->\n\n            <div class=\"separator big-separator\"><\/div>\n\n           \n\n           <!--Footer Content-->\n\n            <div class=\"footer-content\">\n\n            \t\n\n                \n                    <!--Social Links-->\n\n                    <div class=\"social-links\">\n\n                        \n                            <a target=\"_blank\" title=\"Facebook\" href=\"https:\/\/www.facebook.com\/ecav1962\"><span class=\"fa fa-facebook\"><\/span><\/a>\n\n                        \n                            <a target=\"_blank\" title=\"Youtube\" href=\"https:\/\/www.youtube.com\/user\/ECAV1962?feature=watch\"><span class=\"fa fa-youtube\"><\/span><\/a>\n\n                        \n                            <a target=\"_blank\" title=\"Twitter\" href=\"https:\/\/twitter.com\/ECAV1962\"><span class=\"fa fa-twitter\"><\/span><\/a>\n\n                        \n                            <a target=\"_blank\" title=\"Instagram\" href=\"https:\/\/www.instagram.com\/ecav1962\/?hl=pt\"><span class=\"fa fa-instagram\"><\/span><\/a>\n\n                        \n                    <\/div>\n\n                \n\n\t\t\t\t\n\n\n                <div class=\"copyright\">&copy; 1999-2019, ECAV, All Rights Reserved | Powered by Art Web Design <\/div>\n\n            <\/div>\n\n    <\/div>\n\n<\/section>\n\n\n\n[\/vc_column][\/vc_row]<\/p>\n<\/div>","protected":false},"excerpt":{"rendered":"<p>[vc_row][vc_column][\/vc_column][\/vc_row]<\/p>\n","protected":false},"author":1,"featured_media":0,"parent":0,"menu_order":0,"comment_status":"open","ping_status":"closed","template":"tpl-visual_composer.php","meta":{"footnotes":""},"class_list":["post-695","page","type-page","status-publish","hentry"],"aioseo_notices":[],"_links":{"self":[{"href":"https:\/\/ecav.pt\/index.php\/wp-json\/wp\/v2\/pages\/695","targetHints":{"allow":["GET"]}}],"collection":[{"href":"https:\/\/ecav.pt\/index.php\/wp-json\/wp\/v2\/pages"}],"about":[{"href":"https:\/\/ecav.pt\/index.php\/wp-json\/wp\/v2\/types\/page"}],"author":[{"embeddable":true,"href":"https:\/\/ecav.pt\/index.php\/wp-json\/wp\/v2\/users\/1"}],"replies":[{"embeddable":true,"href":"https:\/\/ecav.pt\/index.php\/wp-json\/wp\/v2\/comments?post=695"}],"version-history":[{"count":0,"href":"https:\/\/ecav.pt\/index.php\/wp-json\/wp\/v2\/pages\/695\/revisions"}],"wp:attachment":[{"href":"https:\/\/ecav.pt\/index.php\/wp-json\/wp\/v2\/media?parent=695"}],"curies":[{"name":"wp","href":"https:\/\/api.w.org\/{rel}","templated":true}]}}