{"id":703,"date":"2016-11-04T20:24:44","date_gmt":"2016-11-04T20:24:44","guid":{"rendered":"http:\/\/ecav.pt\/home\/?page_id=703"},"modified":"2021-10-13T10:29:25","modified_gmt":"2021-10-13T10:29:25","slug":"formacao-ciclomotores","status":"publish","type":"page","link":"https:\/\/ecav.pt\/index.php\/formacao-ciclomotores\/","title":{"rendered":"Ciclomotores"},"content":{"rendered":"<div class=\"wpb-content-wrapper\"><p>[vc_row container=&#8221;1&#8243;][vc_column width=&#8221;2\/3&#8243; css=&#8221;.vc_custom_1478201336408{margin-top: 50px !important;padding-right: 30px !important;}&#8221;][vc_column_text]<\/p>\n<p style=\"text-align: justify;\" align=\"justify\">Se tens entre 14 e 15 anos de idade, se est\u00e1s a frequentar, no m\u00ednimo o 7\u00ba ano de escolaridade e tiveste aproveitamento no ano lectivo anterior, agarra esta oportunidade!<\/p>\n<p style=\"text-align: justify;\" align=\"justify\">Ao obteres esta carta de condu\u00e7\u00e3o AM (ciclomotores), poder\u00e1s conduzir ciclomotores na via p\u00fablica e este curso prepara-te para uma condu\u00e7\u00e3o segura, atrav\u00e9s do conhecimento, comportamento e atitude adequados.<\/p>\n<p>[\/vc_column_text][vc_column_text]<\/p>\n<p style=\"text-align: justify;\" align=\"justify\"><strong>Dura\u00e7\u00e3o do Curso:<\/strong><\/p>\n<p style=\"text-align: justify;\" align=\"justify\">Teoria de Condu\u00e7\u00e3o &#8211; 7 Horas<\/p>\n<p style=\"text-align: justify;\" align=\"justify\">Pr\u00e1tica de Condu\u00e7\u00e3o &#8211; 8 Horas<\/p>\n<p style=\"text-align: justify;\" align=\"justify\"><strong>Taxa de Assiduidade<\/strong><\/p>\n<p style=\"text-align: justify;\" align=\"justify\">A forma\u00e7\u00e3o \u00e9 de regime presencial e requer uma taxa de assiduidade de 90%<\/p>\n<p style=\"text-align: justify;\" align=\"justify\"><strong>Valor<\/strong><\/p>\n<p style=\"text-align: justify;\" align=\"justify\">350\u20ac &#8211; inclui taxas do IMT, taxas de exames e IVA<\/p>\n<p>[\/vc_column_text][vc_column_text]<strong>Forma\u00e7\u00e3o e Sistema de Avalia\u00e7\u00e3o<\/strong><\/p>\n<p align=\"justify\">O curso esta sujeito ao numero m\u00ednimo de inscri\u00e7\u00f5es definido pela ECAV e a frequ\u00eancia das aulas e a apresenta\u00e7\u00e3o ao exame est\u00e3o sujeitas \u00e0 emiss\u00e3o da Licen\u00e7a de Aprendizagem pelo IMT.<\/p>\n<p align=\"justify\">O curso de forma\u00e7\u00e3o ser\u00e1 ministrado de forma a garantir a avalia\u00e7\u00e3o continua dos formandos.<\/p>\n<p align=\"justify\">Os candidatos que concluam com aproveitamento a ac\u00e7\u00e3o de forma\u00e7\u00e3o s\u00e3o sujeitos a um exame de condu\u00e7\u00e3o composto por uma prova te\u00f3rica seguida de uma prova pr\u00e1tica.<\/p>\n<p align=\"justify\">A prova te\u00f3rica consta de um teste de 20 quest\u00f5es, em aplica\u00e7\u00e3o interactiva multim\u00e9dia, com 25 minutos de dura\u00e7\u00e3o. S\u00e3o aprovados os candidatos que respondam acertadamente a, pelo menos, 17 quest\u00f5es. A prova pr\u00e1tica tem dura\u00e7\u00e3o m\u00ednima de 25 minutos e realiza-se de acordo com o disposto no n\u00ba63\u00ba da Portaria n\u00ba 52\/98.<\/p>\n<p>[\/vc_column_text][vc_column_text]<\/p>\n<p align=\"justify\"><strong>Documenta\u00e7\u00e3o<\/strong><\/p>\n<p align=\"justify\">Fotoc\u00f3pia do cart\u00e3o de Cidad\u00e3o<\/p>\n<p align=\"justify\"><a href=\"http:\/\/ecav.pt\/index.php\/faqs\/#1513872192955-59154720-1d2d\" target=\"_blank\" rel=\"noopener noreferrer\">Atestado M\u00e9dico Electr\u00f3nico<\/a><\/p>\n<p align=\"justify\">1 Foto actualizadas tipo passe, a cores e de fundo liso<\/p>\n<p align=\"justify\">Certificado escolar comprovativo de frequ\u00eancia, no m\u00ednimo, do 7\u00ba ano de escolaridade, com informa\u00e7\u00e3o de aproveitamento no ano lectivo anterior<\/p>\n<p align=\"justify\">Autoriza\u00e7\u00e3o da(s) pessoa(s) que exerce(m) o poder paternal<\/p>\n<p align=\"justify\">Original da Certid\u00e3o de Nascimento Narrativa Completa ou c\u00f3digo de acesso on-line da certid\u00e3o de nascimento do candidato<\/p>\n<p>[\/vc_column_text][vc_empty_space][vc_btn title=&#8221;Inscreve-te j\u00e1&#8221; style=&#8221;outline&#8221; color=&#8221;green&#8221; size=&#8221;lg&#8221; css_animation=&#8221;appear&#8221; link=&#8221;url:http%3A%2F%2Fecav.pt%2Findex.php%2Finscricao%2F|||&#8221;][vc_empty_space][\/vc_column][vc_column width=&#8221;1\/3&#8243; css=&#8221;.vc_custom_1477931508847{margin-top: 50px !important;}&#8221;][vc_single_image image=&#8221;733&#8243; img_size=&#8221;full&#8221; alignment=&#8221;center&#8221; onclick=&#8221;custom_link&#8221; link=&#8221;http:\/\/ecav.pt\/index.php\/inscricao\/&#8221;][vc_empty_space height=&#8221;10px&#8221;][vc_column_text]<iframe loading=\"lazy\" src=\"https:\/\/www.youtube.com\/embed\/sMp9eWCXHrM?list=PLKiZoJQiyUr_2v_2Mp5tTOOGBYnLb-aGo\" width=\"100%\" height=\"198\" frameborder=\"0\" allowfullscreen=\"allowfullscreen\"><\/iframe>[\/vc_column_text][\/vc_column][\/vc_row]<\/p>\n<\/div>","protected":false},"excerpt":{"rendered":"<p>[vc_row container=&#8221;1&#8243;][vc_column width=&#8221;2\/3&#8243; css=&#8221;.vc_custom_1478201336408{margin-top: 50px !important;padding-right: 30px !important;}&#8221;][vc_column_text] Se tens entre 14 e 15 anos de idade, se est\u00e1s a frequentar, no m\u00ednimo o 7\u00ba ano de escolaridade e tiveste aproveitamento no ano lectivo anterior, agarra esta oportunidade! Ao obteres esta carta de condu\u00e7\u00e3o AM (ciclomotores), poder\u00e1s conduzir ciclomotores na via p\u00fablica e este curso<\/p>\n","protected":false},"author":1,"featured_media":0,"parent":0,"menu_order":0,"comment_status":"open","ping_status":"closed","template":"tpl-visual_composer.php","meta":{"footnotes":""},"class_list":["post-703","page","type-page","status-publish","hentry"],"aioseo_notices":[],"_links":{"self":[{"href":"https:\/\/ecav.pt\/index.php\/wp-json\/wp\/v2\/pages\/703","targetHints":{"allow":["GET"]}}],"collection":[{"href":"https:\/\/ecav.pt\/index.php\/wp-json\/wp\/v2\/pages"}],"about":[{"href":"https:\/\/ecav.pt\/index.php\/wp-json\/wp\/v2\/types\/page"}],"author":[{"embeddable":true,"href":"https:\/\/ecav.pt\/index.php\/wp-json\/wp\/v2\/users\/1"}],"replies":[{"embeddable":true,"href":"https:\/\/ecav.pt\/index.php\/wp-json\/wp\/v2\/comments?post=703"}],"version-history":[{"count":0,"href":"https:\/\/ecav.pt\/index.php\/wp-json\/wp\/v2\/pages\/703\/revisions"}],"wp:attachment":[{"href":"https:\/\/ecav.pt\/index.php\/wp-json\/wp\/v2\/media?parent=703"}],"curies":[{"name":"wp","href":"https:\/\/api.w.org\/{rel}","templated":true}]}}

<div class="wpb-content-wrapper"><p>[vc_row container=&#8221;1&#8243;][vc_column width=&#8221;2/3&#8243; css=&#8221;.vc_custom_1478201336408{margin-top: 50px !important;padding-right: 30px !important;}&#8221;][vc_column_text]</p>
<p style="text-align: justify;" align="justify">Se tens entre 14 e 15 anos de idade, se estás a frequentar, no mínimo o 7º ano de escolaridade e tiveste aproveitamento no ano lectivo anterior, agarra esta oportunidade!</p>
<p style="text-align: justify;" align="justify">Ao obteres esta carta de condução AM (ciclomotores), poderás conduzir ciclomotores na via pública e este curso prepara-te para uma condução segura, através do conhecimento, comportamento e atitude adequados.</p>
<p>[/vc_column_text][vc_column_text]</p>
<p style="text-align: justify;" align="justify"><strong>Duração do Curso:</strong></p>
<p style="text-align: justify;" align="justify">Teoria de Condução &#8211; 7 Horas</p>
<p style="text-align: justify;" align="justify">Prática de Condução &#8211; 8 Horas</p>
<p style="text-align: justify;" align="justify"><strong>Taxa de Assiduidade</strong></p>
<p style="text-align: justify;" align="justify">A formação é de regime presencial e requer uma taxa de assiduidade de 90%</p>
<p style="text-align: justify;" align="justify"><strong>Valor</strong></p>
<p style="text-align: justify;" align="justify">350€ &#8211; inclui taxas do IMT, taxas de exames e IVA</p>
<p>[/vc_column_text][vc_column_text]<strong>Formação e Sistema de Avaliação</strong></p>
<p align="justify">O curso esta sujeito ao numero mínimo de inscrições definido pela ECAV e a frequência das aulas e a apresentação ao exame estão sujeitas à emissão da Licença de Aprendizagem pelo IMT.</p>
<p align="justify">O curso de formação será ministrado de forma a garantir a avaliação continua dos formandos.</p>
<p align="justify">Os candidatos que concluam com aproveitamento a acção de formação são sujeitos a um exame de condução composto por uma prova teórica seguida de uma prova prática.</p>
<p align="justify">A prova teórica consta de um teste de 20 questões, em aplicação interactiva multimédia, com 25 minutos de duração. São aprovados os candidatos que respondam acertadamente a, pelo menos, 17 questões. A prova prática tem duração mínima de 25 minutos e realiza-se de acordo com o disposto no nº63º da Portaria nº 52/98.</p>
<p>[/vc_column_text][vc_column_text]</p>
<p align="justify"><strong>Documentação</strong></p>
<p align="justify">Fotocópia do cartão de Cidadão</p>
<p align="justify"><a href="http://ecav.pt/index.php/faqs/#1513872192955-59154720-1d2d" target="_blank" rel="noopener noreferrer">Atestado Médico Electrónico</a></p>
<p align="justify">1 Foto actualizadas tipo passe, a cores e de fundo liso</p>
<p align="justify">Certificado escolar comprovativo de frequência, no mínimo, do 7º ano de escolaridade, com informação de aproveitamento no ano lectivo anterior</p>
<p align="justify">Autorização da(s) pessoa(s) que exerce(m) o poder paternal</p>
<p align="justify">Original da Certidão de Nascimento Narrativa Completa ou código de acesso on-line da certidão de nascimento do candidato</p>
<p>[/vc_column_text][vc_empty_space][vc_btn title=&#8221;Inscreve-te já&#8221; style=&#8221;outline&#8221; color=&#8221;green&#8221; size=&#8221;lg&#8221; css_animation=&#8221;appear&#8221; link=&#8221;url:http%3A%2F%2Fecav.pt%2Findex.php%2Finscricao%2F|||&#8221;][vc_empty_space][/vc_column][vc_column width=&#8221;1/3&#8243; css=&#8221;.vc_custom_1477931508847{margin-top: 50px !important;}&#8221;][vc_single_image image=&#8221;733&#8243; img_size=&#8221;full&#8221; alignment=&#8221;center&#8221; onclick=&#8221;custom_link&#8221; link=&#8221;http://ecav.pt/index.php/inscricao/&#8221;][vc_empty_space height=&#8221;10px&#8221;][vc_column_text]<iframe loading="lazy" src="https://www.youtube.com/embed/sMp9eWCXHrM?list=PLKiZoJQiyUr_2v_2Mp5tTOOGBYnLb-aGo" width="100%" height="198" frameborder="0" allowfullscreen="allowfullscreen"></iframe>[/vc_column_text][/vc_column][/vc_row]</p>
</div>

<p>[vc_row container=&#8221;1&#8243;][vc_column width=&#8221;2/3&#8243; css=&#8221;.vc_custom_1478201336408{margin-top: 50px !important;padding-right: 30px !important;}&#8221;][vc_column_text] Se tens entre 14 e 15 anos de idade, se estás a frequentar, no mínimo o 7º ano de escolaridade e tiveste aproveitamento no ano lectivo anterior, agarra esta oportunidade! Ao obteres esta carta de condução AM (ciclomotores), poderás conduzir ciclomotores na via pública e este curso</p>
