{"id":837,"date":"2016-11-08T17:22:05","date_gmt":"2016-11-08T17:22:05","guid":{"rendered":"http:\/\/ecav.pt\/home\/?page_id=837"},"modified":"2022-02-11T19:21:48","modified_gmt":"2022-02-11T19:21:48","slug":"faqs","status":"publish","type":"page","link":"https:\/\/ecav.pt\/index.php\/faqs\/","title":{"rendered":"FAQ\u00b4s"},"content":{"rendered":"<div class=\"wpb-content-wrapper\"><p>[vc_row container=&#8221;1&#8243;][vc_column width=&#8221;3\/4&#8243; css=&#8221;.vc_custom_1478201336408{margin-top: 50px !important;padding-right: 30px !important;}&#8221;][vc_tta_accordion active_section=&#8221;1&#8243; css=&#8221;.vc_custom_1478626133224{background-color: #f4f4f4 !important;}&#8221;][vc_tta_section title=&#8221;Quando foi criada a ECAV- Escola de Condu\u00e7\u00e3o Armando Vitor?&#8221; tab_id=&#8221;1478625574643-ce23549c-0e6f&#8221;][vc_column_text]<\/p>\n<p style=\"text-align: justify;\">A ECAV &#8211; Escola de Condu\u00e7\u00e3o Armando Vitor foi fundada em 1962, tendo-lhe sido atribu\u00eddo o alvar\u00e1 n\u00ba 215.<\/p>\n<p style=\"text-align: justify;\" align=\"justify\">A sua cria\u00e7\u00e3o teve como objectivo a satisfa\u00e7\u00e3o de uma necessidade do mercado, dado que, esta localiza\u00e7\u00e3o n\u00e3o dispunha de uma empresa no ramo do ensino de condu\u00e7\u00e3o autom\u00f3vel.<\/p>\n<p>[\/vc_column_text][\/vc_tta_section][vc_tta_section title=&#8221;Qual a miss\u00e3o da ECAV &#8211; Escola de Condu\u00e7\u00e3o Armando Vitor?&#8221; tab_id=&#8221;1478625574762-f4f70aa2-fbe6&#8243;][vc_column_text]<\/p>\n<p style=\"text-align: justify;\">A miss\u00e3o da ECAV consiste em formar condutores seguros com elevada atitude c\u00edvica, melhorar a seguran\u00e7a rodovi\u00e1ria e proporcionar um servi\u00e7o abrangente e valioso.<\/p>\n<p>[\/vc_column_text][\/vc_tta_section][vc_tta_section title=&#8221;Porqu\u00ea escolher a ECAV &#8211; Escola de Condu\u00e7\u00e3o Armando Vitor?&#8221; tab_id=&#8221;1478626368176-d9231c9a-73f2&#8243;][vc_column_text]<\/p>\n<p style=\"text-align: justify;\">A ECAV assenta a sua estrat\u00e9gia em 5 boas raz\u00f5es que s\u00e3o Qualidade, Credibilidade, Inova\u00e7\u00e3o, Atendimento e Hor\u00e1rio.<\/p>\n<p>[\/vc_column_text][\/vc_tta_section][vc_tta_section title=&#8221;Quais s\u00e3o as modalidades de ensino?&#8221; tab_id=&#8221;1478706353839-54b22399-4afb&#8221;][vc_column_text]<\/p>\n<p style=\"text-align: justify;\">O ensino de condu\u00e7\u00e3o compreende as seguintes modalidades :<\/p>\n<p style=\"text-align: justify;\" align=\"justify\">a) Teoria de condu\u00e7\u00e3o<\/p>\n<p style=\"text-align: justify;\" align=\"justify\">b) Pr\u00e1tica de condu\u00e7\u00e3o<\/p>\n<p style=\"text-align: justify;\" align=\"justify\">c) T\u00e9cnica<\/p>\n<p style=\"text-align: justify;\" align=\"justify\">n\u00ba 2 al\u00ednea a) b) c) do Artigo 6\u00ba do Decreto-Lei n\u00ba 86\/98 de 3 de Abril<\/p>\n<p>[\/vc_column_text][\/vc_tta_section][vc_tta_section title=&#8221;Qual \u00e9 o hor\u00e1rio da escola?&#8221; tab_id=&#8221;1478706435177-ad296db5-446c&#8221;][vc_column_text]<\/p>\n<p style=\"text-align: justify;\">O hor\u00e1rio de atendimento ao p\u00fablico \u00e9 de 2\u00aa a 6\u00aa feira das 09H \u00e0s 20H e ao s\u00e1bado das 09H \u00e0s 16H.<\/p>\n<p>[\/vc_column_text][\/vc_tta_section][vc_tta_section title=&#8221;O que \u00e9 preciso para me inscrever?&#8221; tab_id=&#8221;1478706471733-21a85101-673b&#8221;][vc_column_text]<\/p>\n<p style=\"text-align: justify;\">Para efectuares a tua inscri\u00e7\u00e3o \u00e9 necess\u00e1rio dirigires-te \u00e0 ECAV, no hor\u00e1rio de atendimento ao p\u00fablico, fornecer-nos os elementos de identifica\u00e7\u00e3o, exibires o cart\u00e3o de cidad\u00e3o e apresentar atestado m\u00e9dico (eletr\u00f3nico) para efeitos de emiss\u00e3o de licen\u00e7a de aprendizagem.<\/p>\n<p>[\/vc_column_text][\/vc_tta_section][vc_tta_section title=&#8221;Preciso de apresentar exame m\u00e9dico e psicol\u00f3gico para efectivar inscri\u00e7\u00e3o para a categoria A (Motociclos) ou B (Ligeiros)?&#8221; tab_id=&#8221;1478706507496-5b6d4ca9-9be9&#8243;][vc_column_text]<\/p>\n<p style=\"text-align: justify;\">Neste momento apenas \u00e9 necess\u00e1rio apresentar o atestado m\u00e9dico, embora o novo regulamento de habilita\u00e7\u00e3o legal para conduzir (RHLC) que entrou em vigor, no dia 25 de Janeiro de 2010, previsto no Decreto-Lei n.\u00ba 313\/2009 de 27 de Outubro imponha, designadamente, a obrigatoriedade da realiza\u00e7\u00e3o dos exames m\u00e9dicos e psicol\u00f3gicos dos condutores em Centros de Avalia\u00e7\u00e3o M\u00e9dica e Psicol\u00f3gica, denominados &#8220;CAMP&#8221;.<\/p>\n<p style=\"text-align: justify;\" align=\"justify\">No entanto, contrariamente ao que seria expect\u00e1vel, actualmente os CAMP ainda n\u00e3o se encontram a funcionar, na medida em que o seu funcionamento carece de regulamenta\u00e7\u00e3o que n\u00e3o obstante o previsto no acima referido diploma legal, ainda n\u00e3o foi publicada.<\/p>\n<p style=\"text-align: justify;\" align=\"justify\">Assim, dada a actual inexist\u00eancia de CAMP, a avalia\u00e7\u00e3o m\u00e9dica aos condutores vai continuar a ser realizada nos moldes actuais, devendo os respectivos exames m\u00e9dicos ser realizados por m\u00e9dicos particulares ou em centros de sa\u00fade.<\/p>\n<p>[\/vc_column_text][\/vc_tta_section][vc_tta_section title=&#8221;Como posso efectuar os pagamentos \u00e0 ECAV &#8211; Escola de Condu\u00e7\u00e3o Armando Vitor?&#8221; tab_id=&#8221;1478706593021-d5881648-8d92&#8243;][vc_column_text]<\/p>\n<p style=\"text-align: justify;\">Os pagamentos podem ser feitos em numer\u00e1rio, cheque ou por transfer\u00eancia banc\u00e1ria.<\/p>\n<p>[\/vc_column_text][\/vc_tta_section][vc_tta_section title=&#8221;Quando posso iniciar a forma\u00e7\u00e3o na ECAV?&#8221; tab_id=&#8221;1478706669147-6dab5d15-f2d5&#8243;][vc_column_text]<\/p>\n<p style=\"text-align: justify;\">Podes iniciar a forma\u00e7\u00e3o te\u00f3rica ou t\u00e9cnica ap\u00f3s a emiss\u00e3o da licen\u00e7a de aprendizagem, por parte do IMT.<\/p>\n<p style=\"text-align: justify;\" align=\"justify\">Em rela\u00e7\u00e3o ao inicio da forma\u00e7\u00e3o pr\u00e1tica \u00e9 necess\u00e1rio a frequ\u00eancia e aprova\u00e7\u00e3o da unidade tem\u00e1tica I do ensino te\u00f3rico.<\/p>\n<p>[\/vc_column_text][\/vc_tta_section][vc_tta_section title=&#8221;Quando vou frequentar as li\u00e7\u00f5es tenho de levar algum documento?&#8221; tab_id=&#8221;1478706725127-e2556414-a46a&#8221;][vc_column_text]<\/p>\n<p style=\"text-align: justify;\">Em todos os momentos que frequentas a forma\u00e7\u00e3o e a avalia\u00e7\u00e3o tens de ser titular e portador da licen\u00e7a de aprendizagem.<\/p>\n<p>[\/vc_column_text][\/vc_tta_section][vc_tta_section title=&#8221;Quais s\u00e3o os hor\u00e1rios das li\u00e7\u00f5es te\u00f3ricas?&#8221; tab_id=&#8221;1478706771554-adb2ae00-be44&#8243;][vc_column_text]<\/p>\n<p style=\"text-align: justify;\">O hor\u00e1rio das li\u00e7\u00f5es te\u00f3ricas \u00e9 de 2\u00aa a 6\u00aa feira \u00e0s 10 \/ 11 \/ 14 \/ 15 \/ 16 \/ 17 \/ 18 \/ 19 \/ 20 H e ao S\u00e1bado \u00e0s 10 \/ 11 \/ 15 \/ 16 H.<\/p>\n<p>[\/vc_column_text][\/vc_tta_section][vc_tta_section title=&#8221;Como \u00e9 que posso obter o planeamento do ensino de teoria de condu\u00e7\u00e3o?&#8221; tab_id=&#8221;1478706805327-67459365-7830&#8243;][vc_column_text]<\/p>\n<p style=\"text-align: justify;\">O planeamento quinzenal das li\u00e7\u00f5es de teoria de condu\u00e7\u00e3o est\u00e1 dispon\u00edvel em\u00a0<a id=\"LPNoLPOWALinkPreview\" href=\"https:\/\/ecav.pt\/index.php\/tabela-de-horarios\/\">https:\/\/ecav.pt\/index.php\/tabela-de-horarios<\/a><\/p>\n<p>[\/vc_column_text][\/vc_tta_section][vc_tta_section title=&#8221;Qual \u00e9 o programa de ensino para a prova te\u00f3rica?&#8221; tab_id=&#8221;1478706984279-954e756e-4c8d&#8221;][vc_column_text]<\/p>\n<p style=\"text-align: justify;\">O conte\u00fado program\u00e1tico da prova te\u00f3rica de motociclos e autom\u00f3veis consta do anexo I da portaria 520\/98 e \u00e9 dividido em 6 (seis) unidades tem\u00e1ticas :<\/p>\n<p style=\"text-align: justify;\" align=\"justify\">I \u2013 Princ\u00edpios gerais de tr\u00e2nsito e de seguran\u00e7a rodovi\u00e1ria<\/p>\n<p style=\"text-align: justify;\" align=\"justify\">II \u2013 O condutor e o seu estado f\u00edsico e psicol\u00f3gico<\/p>\n<p style=\"text-align: justify;\" align=\"justify\">III \u2013 O condutor e o ve\u00edculo<\/p>\n<p style=\"text-align: justify;\" align=\"justify\">IV \u2013 O condutor e os outros utentes da via<\/p>\n<p style=\"text-align: justify;\" align=\"justify\">V \u2013 O condutor, a via e outros factores externos<\/p>\n<p style=\"text-align: justify;\" align=\"justify\">VI \u2013Diversos<\/p>\n<p style=\"text-align: justify;\" align=\"justify\">Decreto-Lei n.\u00ba 138\/2012 de 5 de Julho.<\/p>\n<p>[\/vc_column_text][\/vc_tta_section][vc_tta_section title=&#8221;Qual o n\u00famero m\u00ednimo de li\u00e7\u00f5es de c\u00f3digo e de condu\u00e7\u00e3o para a categoria B?&#8221; tab_id=&#8221;1478707047082-db2cf680-d94e&#8221;][vc_column_text]<\/p>\n<p style=\"text-align: justify;\">O n\u00famero m\u00ednimo \u00e9 de 28 li\u00e7\u00f5es de teoria de condu\u00e7\u00e3o e 32 li\u00e7\u00f5es de pr\u00e1tica de condu\u00e7\u00e3o.<\/p>\n<p>[\/vc_column_text][\/vc_tta_section][vc_tta_section title=&#8221;Existe algum limite m\u00e1ximo de li\u00e7\u00f5es?&#8221; tab_id=&#8221;1478707080855-97bdfc9b-9e9c&#8221;][vc_column_text]<\/p>\n<p style=\"text-align: justify;\">N\u00e3o. O limite \u00e9 o necess\u00e1rio para que cada candidato obtenha a aprendizagem necess\u00e1ria para concluir a sua forma\u00e7\u00e3o com sucesso.<\/p>\n<p>[\/vc_column_text][\/vc_tta_section][vc_tta_section title=&#8221;Posso revalidar a Licen\u00e7a de Aprendizagem?&#8221; tab_id=&#8221;1478707168076-6538755e-c1b6&#8243;][vc_column_text]<\/p>\n<p>A licen\u00e7a de aprendizagem pode ser revalidada por uma \u00fanica vez e por mais dois anos, desde que o seu titular o solicite na secretaria da ECAV \u2013 Escola de Condu\u00e7\u00e3o Armando Vitor, antes da respectiva data de validade, a revalida\u00e7\u00e3o da mesma. Caso contr\u00e1rio, depois de expirado o prazo, a licen\u00e7a de aprendizagem e toda a forma\u00e7\u00e3o ficam sem efeito. Informa-te sobre o respectivo procedimento.<\/p>\n<p>[\/vc_column_text][\/vc_tta_section][vc_tta_section title=&#8221;Estou inscrito noutra escola e pretendo pedir transfer\u00eancia para a ECAV &#8211; Escola de Condu\u00e7\u00e3o Armando Vitor, o que devo fazer?&#8221; tab_id=&#8221;1478707221901-00afddf3-f99a&#8221;][vc_column_text]<\/p>\n<p style=\"text-align: justify;\">Tens de efectuar a tua inscri\u00e7\u00e3o, pelo que, \u00e9 necess\u00e1rio dirigires-te \u00e0 ECAV, no hor\u00e1rio de atendimento ao p\u00fablico, fornecer-nos os elementos de identifica\u00e7\u00e3o, exibires o teu bilhete de identidade e cart\u00e3o de contribuinte ou cart\u00e3o de cidad\u00e3o, fotografia (tipo passe a c\u00f4res com fundo branco), licen\u00e7a de aprendizagem e declara\u00e7\u00e3o de transfer\u00eancia emitida pela outra escola (a transfer\u00eancia do instruendo de uma para a outra escola de condu\u00e7\u00e3o n\u00e3o implica a perda das li\u00e7\u00f5es j\u00e1 recebidas desde que tenham sido ministradas h\u00e1 menos de seis meses) para efeitos de emiss\u00e3o de nova licen\u00e7a de aprendizagem.<\/p>\n<p>[\/vc_column_text][\/vc_tta_section][vc_tta_section title=&#8221;Tenho carta de condu\u00e7\u00e3o mas n\u00e3o conduzo. Gostava de ter aulas de treino, como fazer?&#8221; tab_id=&#8221;1478707267949-eba2769d-e272&#8243;][vc_column_text]<\/p>\n<p style=\"text-align: justify;\">Dirija-se \u00e0 ECAV e efectue a inscri\u00e7\u00e3o apresentando o bilhete de identidade e cart\u00e3o de contribuinte ou cart\u00e3o de cidad\u00e3o e carta de condu\u00e7\u00e3o. De imediato procederemos ao planeamento das li\u00e7\u00f5es pr\u00e1ticas, consideradas adequadas, de acordo com a sua disponibilidade de hor\u00e1rio.<\/p>\n<p>[\/vc_column_text][\/vc_tta_section][vc_tta_section title=&#8221;O que \u00e9 um ciclomotor?&#8221; tab_id=&#8221;1478707301685-b7c6634e-8805&#8243;][vc_column_text]<\/p>\n<p style=\"text-align: justify;\">\u00c9 um ve\u00edculo de duas ou tr\u00eas rodas com velocidade m\u00e1xima n\u00e3o superior a 45 Km\/h e cilindrada n\u00e3o superior a 50 cm3.<\/p>\n<p>[\/vc_column_text][\/vc_tta_section][vc_tta_section title=&#8221;O que \u00e9 a Carta de condu\u00e7\u00e3o AM (ciclomotores)?&#8221; tab_id=&#8221;1478707342488-471a98c4-e839&#8243;][vc_column_text]<\/p>\n<p style=\"text-align: justify;\">A carta de condu\u00e7\u00e3o AM (ciclomotores) com a restri\u00e7\u00e3o 790, \u00e9 emitida pelo IMT, a indiv\u00edduos com idade n\u00e3o inferior a 14 anos e que ainda n\u00e3o tenham completado os 16 anos que requeiram e satisfa\u00e7am as condi\u00e7\u00f5es mencionados em <a href=\"http:\/\/ecav.pt\/index.php\/formacao-ciclomotores\/\">Forma\u00e7\u00e3o \/ Ciclomotores<\/a>. O exame de condu\u00e7\u00e3o \u00e9 efectuado pela entidade que ministra a forma\u00e7\u00e3o.<\/p>\n<p>[\/vc_column_text][\/vc_tta_section][vc_tta_section title=&#8221;A Carta de condu\u00e7\u00e3o AM (ciclomotores) pode ser cancelada?&#8221; tab_id=&#8221;1478707460905-995d4472-c6e6&#8243;][vc_column_text]<\/p>\n<p style=\"text-align: justify;\">Sim, a carta de condu\u00e7\u00e3o AM (ciclomotores) \u00e9 cancelada pelo IMT, se se verificar que o seu titular praticou infrac\u00e7\u00e3o rodovi\u00e1ria sancionada com pena acess\u00f3ria de proibi\u00e7\u00e3o ou de inibi\u00e7\u00e3o de conduzir.<\/p>\n<p>[\/vc_column_text][\/vc_tta_section][vc_tta_section title=&#8221;A Carta de condu\u00e7\u00e3o AM (ciclomotores) pode caducar?&#8221; tab_id=&#8221;1478707495609-848a57d6-9bd4&#8243;][vc_column_text]<\/p>\n<p style=\"text-align: justify;\">N\u00e3o, quando o condutor completar 16 anos de idade, a restri\u00e7\u00e3o 790 caduca, mas o condutor pode continuar a conduzir todos os ve\u00edculos autorizados pela categoria AM, n\u00e3o sendo necess\u00e1rio substituir o documento.<\/p>\n<p>[\/vc_column_text][\/vc_tta_section][vc_tta_section title=&#8221;Quais s\u00e3o as categorias de carta previstas no RHLC ap\u00f3s a introdu\u00e7\u00e3o das altera\u00e7\u00f5es pelo DL 138\/2012?&#8221; tab_id=&#8221;1478707576729-c3c3a2ae-0889&#8243;][vc_column_text]<\/p>\n<p style=\"text-align: justify;\">AM \u2013 Inclui ciclomotores, motociclos at\u00e9 50 cm3 e quadriciclos ligeiros (at\u00e9 350Kg) ;<\/p>\n<p style=\"text-align: justify;\" align=\"justify\">A1 \u2013 Motociclos at\u00e9 125 cm3, at\u00e9 11 Kw de pot\u00eancia, peso at\u00e9 0,1Kw\/Kg e triciclos at\u00e9 15 Kw ;<\/p>\n<p style=\"text-align: justify;\" align=\"justify\">A2 \u2013 Motociclos at\u00e9 35 kw, rela\u00e7\u00e3o peso\/pot\u00eancia at\u00e9 0,2Kw\/kg, n\u00e3o derivados de vers\u00e3o com mais do dobro da sua pot\u00eancia m\u00e1xima ;<\/p>\n<p style=\"text-align: justify;\" align=\"justify\">A \u2013 Motociclos com ou sem carro lateral e triciclos ;<\/p>\n<p style=\"text-align: justify;\" align=\"justify\">B1 \u2013 Quadriciclos de pot\u00eancia n\u00e3o superior a 15 Kw ;<\/p>\n<p style=\"text-align: justify;\" align=\"justify\">B \u2013 Ve\u00edculos at\u00e9 3500 kg de peso m\u00e1ximo, at\u00e9 8 passageiros, possibilita acoplar reboque at\u00e9 750 kg (desde que o conjunto n\u00e3o ultrapasse os 3500 kg) ;<\/p>\n<p style=\"text-align: justify;\" align=\"justify\">BE \u2013 Ve\u00edculo da categoria B mais reboque em que o conjunto n\u00e3o ultrapassa 3500 kg ;<\/p>\n<p style=\"text-align: justify;\" align=\"justify\">C1 \u2013 Ve\u00edculo com peso superior a 3500 kg e inferior a 7500 kg, at\u00e9 8 passageiros, possibilita acoplar reboque at\u00e9 750 kg ;<\/p>\n<p style=\"text-align: justify;\" align=\"justify\">C1E \u2013 Ve\u00edculo da categoria C1 mais reboque de peso superior a 750 kg, em que o conjunto n\u00e3o ultrapasse 12000 kg (o peso bruto do reboque n\u00e3o pode exceder a tara do ve\u00edculo trator). Possibilita conduzir conjunto de ve\u00edculo da categoria B e reboque em que o conjunto tenha peso superior a 3500 kg e n\u00e3o superior a 12000 kg ;<\/p>\n<p style=\"text-align: justify;\" align=\"justify\">C \u2013 Ve\u00edculo com peso superior a 3500 kg, at\u00e9 8 passageiros, possibilita acoplar reboque at\u00e9 750 kg ;<\/p>\n<p style=\"text-align: justify;\" align=\"justify\">CE \u2013 Ve\u00edculo da categoria C mais reboque de peso superior a 750 kg ;<\/p>\n<p style=\"text-align: justify;\" align=\"justify\">D1 \u2013 Ve\u00edculo de transporte at\u00e9 16 passageiros com o comprimento m\u00e1ximo at\u00e9 8 metros, possibilita acoplar reboque at\u00e9 750 kg ;<\/p>\n<p style=\"text-align: justify;\" align=\"justify\">D1E \u2013 Ve\u00edculo da categoria D1 mais reboque de peso superior a 750 kg ;<\/p>\n<p style=\"text-align: justify;\" align=\"justify\">D \u2013 Ve\u00edculo de transporte de passageiros de n\u00famero superior a 8, possibilita acoplar reboque at\u00e9 750 kg ;<\/p>\n<p style=\"text-align: justify;\" align=\"justify\">DE \u2013 Ve\u00edculo da categoria D mais reboque de peso superior a 750 kg;<\/p>\n<p>[\/vc_column_text][\/vc_tta_section][vc_tta_section title=&#8221;Em caso de d\u00favidas o que devo fazer?&#8221; tab_id=&#8221;1478707663837-a82fe02a-11cb&#8221;][vc_column_text]<\/p>\n<p style=\"text-align: justify;\">Consultar o nosso website <a href=\"http:\/\/www.ecav.pt\">www.ecav.pt<\/a>, via mail <a href=\"mailto:info@ecav.pt\">info@ecav.pt<\/a>, a secretaria da escola atrav\u00e9s do telefone <strong>214431107<\/strong> \/ <strong>214414340<\/strong>, telem\u00f3vel <strong>919393002<\/strong> \/ <strong>919393008<\/strong> durante o hor\u00e1rio de atendimento ao p\u00fablico.<\/p>\n<p>[\/vc_column_text][\/vc_tta_section][vc_tta_section title=&#8221;O que \u00e9 o Atestado M\u00e9dico Electr\u00f3nico para carta de condu\u00e7\u00e3o?&#8221; tab_id=&#8221;1513872192955-59154720-1d2d&#8221;][vc_column_text]<\/p>\n<p style=\"text-align: justify;\">Entrou em vigor no dia 15 de maio de 2017 a obrigatoriedade da emiss\u00e3o e transmiss\u00e3o eletr\u00f3nica do atestado m\u00e9dico para a Carta de Condu\u00e7\u00e3o, que pressup\u00f5e a sua emiss\u00e3o e transmiss\u00e3o eletr\u00f3nica pelo Minist\u00e9rio da Sa\u00fade ao IMT, I.P., permitindo o registo autom\u00e1tico das inaptid\u00f5es e ou restri\u00e7\u00f5es e adapta\u00e7\u00f5es.<\/p>\n<p>[\/vc_column_text][\/vc_tta_section][\/vc_tta_accordion][vc_empty_space][\/vc_column][vc_column width=&#8221;1\/4&#8243; css=&#8221;.vc_custom_1477931508847{margin-top: 50px !important;}&#8221;][vc_widget_sidebar sidebar_id=&#8221;blog-sidebar&#8221; el_class=&#8221;sidebar&#8221;][\/vc_column][\/vc_row]<\/p>\n<\/div>","protected":false},"excerpt":{"rendered":"<p>[vc_row container=&#8221;1&#8243;][vc_column width=&#8221;3\/4&#8243; css=&#8221;.vc_custom_1478201336408{margin-top: 50px !important;padding-right: 30px !important;}&#8221;][vc_tta_accordion active_section=&#8221;1&#8243; css=&#8221;.vc_custom_1478626133224{background-color: #f4f4f4 !important;}&#8221;][vc_tta_section title=&#8221;Quando foi criada a ECAV- Escola de Condu\u00e7\u00e3o Armando Vitor?&#8221; tab_id=&#8221;1478625574643-ce23549c-0e6f&#8221;][vc_column_text] A ECAV &#8211; Escola de Condu\u00e7\u00e3o Armando Vitor foi fundada em 1962, tendo-lhe sido atribu\u00eddo o alvar\u00e1 n\u00ba 215. A sua cria\u00e7\u00e3o teve como objectivo a satisfa\u00e7\u00e3o de uma necessidade do mercado,<\/p>\n","protected":false},"author":1,"featured_media":0,"parent":0,"menu_order":0,"comment_status":"open","ping_status":"closed","template":"tpl-visual_composer.php","meta":{"footnotes":""},"class_list":["post-837","page","type-page","status-publish","hentry"],"aioseo_notices":[],"_links":{"self":[{"href":"https:\/\/ecav.pt\/index.php\/wp-json\/wp\/v2\/pages\/837","targetHints":{"allow":["GET"]}}],"collection":[{"href":"https:\/\/ecav.pt\/index.php\/wp-json\/wp\/v2\/pages"}],"about":[{"href":"https:\/\/ecav.pt\/index.php\/wp-json\/wp\/v2\/types\/page"}],"author":[{"embeddable":true,"href":"https:\/\/ecav.pt\/index.php\/wp-json\/wp\/v2\/users\/1"}],"replies":[{"embeddable":true,"href":"https:\/\/ecav.pt\/index.php\/wp-json\/wp\/v2\/comments?post=837"}],"version-history":[{"count":0,"href":"https:\/\/ecav.pt\/index.php\/wp-json\/wp\/v2\/pages\/837\/revisions"}],"wp:attachment":[{"href":"https:\/\/ecav.pt\/index.php\/wp-json\/wp\/v2\/media?parent=837"}],"curies":[{"name":"wp","href":"https:\/\/api.w.org\/{rel}","templated":true}]}}